{"id":2109,"date":"2024-08-17T14:48:29","date_gmt":"2024-08-17T12:48:29","guid":{"rendered":"https:\/\/sco-angers-triathlon.fr\/?page_id=2109"},"modified":"2025-07-06T13:19:52","modified_gmt":"2025-07-06T11:19:52","slug":"les-triathletes-xxl-2024","status":"publish","type":"page","link":"https:\/\/sco-angers-triathlon.fr\/index.php\/les-triathletes-xxl-2024\/","title":{"rendered":"Projets XXL 2024"},"content":{"rendered":"<div id=\"pl-gb2109-69def58615654\"  class=\"panel-layout\" ><div id=\"pg-gb2109-69def58615654-0\"  class=\"panel-grid panel-has-style\" ><div class=\"panel-row-style panel-row-style-for-gb2109-69def58615654-0\" ><div id=\"pgc-gb2109-69def58615654-0-0\"  class=\"panel-grid-cell panel-grid-cell-empty\" ><\/div><div id=\"pgc-gb2109-69def58615654-0-1\"  class=\"panel-grid-cell panel-grid-cell-mobile-last\" ><div id=\"panel-gb2109-69def58615654-0-1-0\" class=\"so-panel widget widget_sow-headline panel-first-child\" data-index=\"0\" ><div class=\"panel-widget-style panel-widget-style-for-gb2109-69def58615654-0-1-0\" ><div\n\t\t\t\n\t\t\tclass=\"so-widget-sow-headline so-widget-sow-headline-default-ec1eb4cebc48-2109\"\n\t\t\t\n\t\t><div class=\"sow-headline-container \">\n\t\t\t\t\t\t\t<h2 class=\"sow-headline\">\n\t\t\t\t\t\tPROJETS XXL 2024\t\t\t\t\t\t<\/h2>\n\t\t\t\t\t\t\t\t\t\t\t<div class=\"decoration\">\n\t\t\t\t\t\t<div class=\"decoration-inside\"><\/div>\n\t\t\t\t\t<\/div>\n\t\t\t\t\t<\/div>\n<\/div><\/div><\/div><div id=\"panel-gb2109-69def58615654-0-1-1\" class=\"so-panel widget widget_sow-editor panel-last-child\" data-index=\"1\" ><div\n\t\t\t\n\t\t\tclass=\"so-widget-sow-editor so-widget-sow-editor-base\"\n\t\t\t\n\t\t>\n<div class=\"siteorigin-widget-tinymce textwidget\">\n\t<p style=\"text-align: center;\"><span data-tt=\"{&quot;paragraphStyle&quot;:{&quot;alignment&quot;:4,&quot;writingDirection&quot;:1}}\">Ils s&#8217;appellent Jean, Anne-Sophie, Laurent (ils sont deux), Oliver, K\u00e9vin, Tanguy, Eric, Mathilde, Julien, Youssef, Cyril, Clement, Jules, Marc, Matthew, Mika, Lo\u00efc, Thomas et cette ann\u00e9e leur objectif \u00e9tait de participer &#8211; pour la premi\u00e8re fois pour certains ou bien une nouvelle fois pour d&#8217;autres &#8211; \u00e0 la distance la plus grande en triathlon : le triathlon XXL. Il s&#8217;agit de couvrir 3.8Km de natation, 180Km de v\u00e9lo et enfin un marathon de 42,2Km. <\/span><\/p>\n<p style=\"text-align: center;\"><span data-tt=\"{&quot;paragraphStyle&quot;:{&quot;alignment&quot;:4,&quot;writingDirection&quot;:1}}\">D\u00e9couvrez les portraits de nos triathl\u00e8tes concern\u00e9s par ce beau projet.<\/span><\/p>\n<\/div>\n<\/div><\/div><\/div><div id=\"pgc-gb2109-69def58615654-0-2\"  class=\"panel-grid-cell panel-grid-cell-empty\" ><\/div><\/div><\/div><div id=\"pg-gb2109-69def58615654-1\"  class=\"panel-grid panel-has-style\" ><div class=\"panel-row-style panel-row-style-for-gb2109-69def58615654-1\" ><div id=\"pgc-gb2109-69def58615654-1-0\"  class=\"panel-grid-cell panel-grid-cell-empty\" ><\/div><div id=\"pgc-gb2109-69def58615654-1-1\"  class=\"panel-grid-cell panel-grid-cell-mobile-last\" ><div id=\"panel-gb2109-69def58615654-1-1-0\" class=\"so-panel widget widget_sow-image panel-first-child\" data-index=\"2\" ><div\n\t\t\t\n\t\t\tclass=\"so-widget-sow-image so-widget-sow-image-default-8b5b6f678277-2109\"\n\t\t\t\n\t\t>\n<div class=\"sow-image-container\">\n\t\t<img \n\tsrc=\"https:\/\/sco-angers-triathlon.fr\/wp-content\/uploads\/2024\/08\/AnneSo.jpg\" width=\"1448\" height=\"2048\" srcset=\"https:\/\/sco-angers-triathlon.fr\/wp-content\/uploads\/2024\/08\/AnneSo.jpg 1448w, https:\/\/sco-angers-triathlon.fr\/wp-content\/uploads\/2024\/08\/AnneSo-212x300.jpg 212w, https:\/\/sco-angers-triathlon.fr\/wp-content\/uploads\/2024\/08\/AnneSo-724x1024.jpg 724w, https:\/\/sco-angers-triathlon.fr\/wp-content\/uploads\/2024\/08\/AnneSo-768x1086.jpg 768w, https:\/\/sco-angers-triathlon.fr\/wp-content\/uploads\/2024\/08\/AnneSo-1086x1536.jpg 1086w\" sizes=\"(max-width: 1448px) 100vw, 1448px\" alt=\"\" \t\tclass=\"so-widget-image\"\/>\n\t<\/div>\n\n<\/div><\/div><div id=\"panel-gb2109-69def58615654-1-1-1\" class=\"so-panel widget widget_sow-image\" data-index=\"3\" ><div\n\t\t\t\n\t\t\tclass=\"so-widget-sow-image so-widget-sow-image-default-8b5b6f678277-2109\"\n\t\t\t\n\t\t>\n<div class=\"sow-image-container\">\n\t\t<img \n\tsrc=\"https:\/\/sco-angers-triathlon.fr\/wp-content\/uploads\/2024\/08\/Clement.jpg\" width=\"1241\" height=\"1755\" srcset=\"https:\/\/sco-angers-triathlon.fr\/wp-content\/uploads\/2024\/08\/Clement.jpg 1241w, https:\/\/sco-angers-triathlon.fr\/wp-content\/uploads\/2024\/08\/Clement-212x300.jpg 212w, https:\/\/sco-angers-triathlon.fr\/wp-content\/uploads\/2024\/08\/Clement-724x1024.jpg 724w, https:\/\/sco-angers-triathlon.fr\/wp-content\/uploads\/2024\/08\/Clement-768x1086.jpg 768w, https:\/\/sco-angers-triathlon.fr\/wp-content\/uploads\/2024\/08\/Clement-1086x1536.jpg 1086w\" sizes=\"(max-width: 1241px) 100vw, 1241px\" alt=\"\" \t\tclass=\"so-widget-image\"\/>\n\t<\/div>\n\n<\/div><\/div><div id=\"panel-gb2109-69def58615654-1-1-2\" class=\"so-panel widget widget_sow-image\" data-index=\"4\" ><div\n\t\t\t\n\t\t\tclass=\"so-widget-sow-image so-widget-sow-image-default-8b5b6f678277-2109\"\n\t\t\t\n\t\t>\n<div class=\"sow-image-container\">\n\t\t<img \n\tsrc=\"https:\/\/sco-angers-triathlon.fr\/wp-content\/uploads\/2024\/08\/Cyril.jpg\" width=\"1448\" height=\"2048\" srcset=\"https:\/\/sco-angers-triathlon.fr\/wp-content\/uploads\/2024\/08\/Cyril.jpg 1448w, https:\/\/sco-angers-triathlon.fr\/wp-content\/uploads\/2024\/08\/Cyril-212x300.jpg 212w, https:\/\/sco-angers-triathlon.fr\/wp-content\/uploads\/2024\/08\/Cyril-724x1024.jpg 724w, https:\/\/sco-angers-triathlon.fr\/wp-content\/uploads\/2024\/08\/Cyril-768x1086.jpg 768w, https:\/\/sco-angers-triathlon.fr\/wp-content\/uploads\/2024\/08\/Cyril-1086x1536.jpg 1086w\" sizes=\"(max-width: 1448px) 100vw, 1448px\" alt=\"\" \t\tclass=\"so-widget-image\"\/>\n\t<\/div>\n\n<\/div><\/div><div id=\"panel-gb2109-69def58615654-1-1-3\" class=\"so-panel widget widget_sow-image\" data-index=\"5\" ><div\n\t\t\t\n\t\t\tclass=\"so-widget-sow-image so-widget-sow-image-default-8b5b6f678277-2109\"\n\t\t\t\n\t\t>\n<div class=\"sow-image-container\">\n\t\t<img \n\tsrc=\"https:\/\/sco-angers-triathlon.fr\/wp-content\/uploads\/2024\/08\/eric.jpg\" width=\"1448\" height=\"2048\" srcset=\"https:\/\/sco-angers-triathlon.fr\/wp-content\/uploads\/2024\/08\/eric.jpg 1448w, https:\/\/sco-angers-triathlon.fr\/wp-content\/uploads\/2024\/08\/eric-212x300.jpg 212w, https:\/\/sco-angers-triathlon.fr\/wp-content\/uploads\/2024\/08\/eric-724x1024.jpg 724w, https:\/\/sco-angers-triathlon.fr\/wp-content\/uploads\/2024\/08\/eric-768x1086.jpg 768w, https:\/\/sco-angers-triathlon.fr\/wp-content\/uploads\/2024\/08\/eric-1086x1536.jpg 1086w\" sizes=\"(max-width: 1448px) 100vw, 1448px\" alt=\"\" \t\tclass=\"so-widget-image\"\/>\n\t<\/div>\n\n<\/div><\/div><div id=\"panel-gb2109-69def58615654-1-1-4\" class=\"so-panel widget widget_sow-image\" data-index=\"6\" ><div\n\t\t\t\n\t\t\tclass=\"so-widget-sow-image so-widget-sow-image-default-8b5b6f678277-2109\"\n\t\t\t\n\t\t>\n<div class=\"sow-image-container\">\n\t\t<img \n\tsrc=\"https:\/\/sco-angers-triathlon.fr\/wp-content\/uploads\/2024\/08\/Jean.jpg\" width=\"1448\" height=\"2048\" srcset=\"https:\/\/sco-angers-triathlon.fr\/wp-content\/uploads\/2024\/08\/Jean.jpg 1448w, https:\/\/sco-angers-triathlon.fr\/wp-content\/uploads\/2024\/08\/Jean-212x300.jpg 212w, https:\/\/sco-angers-triathlon.fr\/wp-content\/uploads\/2024\/08\/Jean-724x1024.jpg 724w, https:\/\/sco-angers-triathlon.fr\/wp-content\/uploads\/2024\/08\/Jean-768x1086.jpg 768w, https:\/\/sco-angers-triathlon.fr\/wp-content\/uploads\/2024\/08\/Jean-1086x1536.jpg 1086w\" sizes=\"(max-width: 1448px) 100vw, 1448px\" alt=\"\" \t\tclass=\"so-widget-image\"\/>\n\t<\/div>\n\n<\/div><\/div><div id=\"panel-gb2109-69def58615654-1-1-5\" class=\"so-panel widget widget_sow-image\" data-index=\"7\" ><div\n\t\t\t\n\t\t\tclass=\"so-widget-sow-image so-widget-sow-image-default-8b5b6f678277-2109\"\n\t\t\t\n\t\t>\n<div class=\"sow-image-container\">\n\t\t<img \n\tsrc=\"https:\/\/sco-angers-triathlon.fr\/wp-content\/uploads\/2024\/08\/Jules.jpg\" width=\"1448\" height=\"2048\" srcset=\"https:\/\/sco-angers-triathlon.fr\/wp-content\/uploads\/2024\/08\/Jules.jpg 1448w, https:\/\/sco-angers-triathlon.fr\/wp-content\/uploads\/2024\/08\/Jules-212x300.jpg 212w, https:\/\/sco-angers-triathlon.fr\/wp-content\/uploads\/2024\/08\/Jules-724x1024.jpg 724w, https:\/\/sco-angers-triathlon.fr\/wp-content\/uploads\/2024\/08\/Jules-768x1086.jpg 768w, https:\/\/sco-angers-triathlon.fr\/wp-content\/uploads\/2024\/08\/Jules-1086x1536.jpg 1086w\" sizes=\"(max-width: 1448px) 100vw, 1448px\" alt=\"\" \t\tclass=\"so-widget-image\"\/>\n\t<\/div>\n\n<\/div><\/div><div id=\"panel-gb2109-69def58615654-1-1-6\" class=\"so-panel widget widget_sow-image\" data-index=\"8\" ><div\n\t\t\t\n\t\t\tclass=\"so-widget-sow-image so-widget-sow-image-default-8b5b6f678277-2109\"\n\t\t\t\n\t\t>\n<div class=\"sow-image-container\">\n\t\t<img \n\tsrc=\"https:\/\/sco-angers-triathlon.fr\/wp-content\/uploads\/2024\/08\/Julien.jpg\" width=\"1448\" height=\"2048\" srcset=\"https:\/\/sco-angers-triathlon.fr\/wp-content\/uploads\/2024\/08\/Julien.jpg 1448w, https:\/\/sco-angers-triathlon.fr\/wp-content\/uploads\/2024\/08\/Julien-212x300.jpg 212w, https:\/\/sco-angers-triathlon.fr\/wp-content\/uploads\/2024\/08\/Julien-724x1024.jpg 724w, https:\/\/sco-angers-triathlon.fr\/wp-content\/uploads\/2024\/08\/Julien-768x1086.jpg 768w, https:\/\/sco-angers-triathlon.fr\/wp-content\/uploads\/2024\/08\/Julien-1086x1536.jpg 1086w\" sizes=\"(max-width: 1448px) 100vw, 1448px\" alt=\"\" \t\tclass=\"so-widget-image\"\/>\n\t<\/div>\n\n<\/div><\/div><div id=\"panel-gb2109-69def58615654-1-1-7\" class=\"so-panel widget widget_sow-image\" data-index=\"9\" ><div\n\t\t\t\n\t\t\tclass=\"so-widget-sow-image so-widget-sow-image-default-8b5b6f678277-2109\"\n\t\t\t\n\t\t>\n<div class=\"sow-image-container\">\n\t\t<img \n\tsrc=\"https:\/\/sco-angers-triathlon.fr\/wp-content\/uploads\/2024\/08\/Kevin.jpg\" width=\"1448\" height=\"2048\" srcset=\"https:\/\/sco-angers-triathlon.fr\/wp-content\/uploads\/2024\/08\/Kevin.jpg 1448w, https:\/\/sco-angers-triathlon.fr\/wp-content\/uploads\/2024\/08\/Kevin-212x300.jpg 212w, https:\/\/sco-angers-triathlon.fr\/wp-content\/uploads\/2024\/08\/Kevin-724x1024.jpg 724w, https:\/\/sco-angers-triathlon.fr\/wp-content\/uploads\/2024\/08\/Kevin-768x1086.jpg 768w, https:\/\/sco-angers-triathlon.fr\/wp-content\/uploads\/2024\/08\/Kevin-1086x1536.jpg 1086w\" sizes=\"(max-width: 1448px) 100vw, 1448px\" alt=\"\" \t\tclass=\"so-widget-image\"\/>\n\t<\/div>\n\n<\/div><\/div><div id=\"panel-gb2109-69def58615654-1-1-8\" class=\"so-panel widget widget_sow-image\" data-index=\"10\" ><div\n\t\t\t\n\t\t\tclass=\"so-widget-sow-image so-widget-sow-image-default-8b5b6f678277-2109\"\n\t\t\t\n\t\t>\n<div class=\"sow-image-container\">\n\t\t<img \n\tsrc=\"https:\/\/sco-angers-triathlon.fr\/wp-content\/uploads\/2024\/08\/LAurent-B.jpg\" width=\"1448\" height=\"2048\" srcset=\"https:\/\/sco-angers-triathlon.fr\/wp-content\/uploads\/2024\/08\/LAurent-B.jpg 1448w, https:\/\/sco-angers-triathlon.fr\/wp-content\/uploads\/2024\/08\/LAurent-B-212x300.jpg 212w, https:\/\/sco-angers-triathlon.fr\/wp-content\/uploads\/2024\/08\/LAurent-B-724x1024.jpg 724w, https:\/\/sco-angers-triathlon.fr\/wp-content\/uploads\/2024\/08\/LAurent-B-768x1086.jpg 768w, https:\/\/sco-angers-triathlon.fr\/wp-content\/uploads\/2024\/08\/LAurent-B-1086x1536.jpg 1086w\" sizes=\"(max-width: 1448px) 100vw, 1448px\" title=\"LAurent B\" alt=\"\" \t\tclass=\"so-widget-image\"\/>\n\t<\/div>\n\n<\/div><\/div><div id=\"panel-gb2109-69def58615654-1-1-9\" class=\"so-panel widget widget_sow-image\" data-index=\"11\" ><div\n\t\t\t\n\t\t\tclass=\"so-widget-sow-image so-widget-sow-image-default-8b5b6f678277-2109\"\n\t\t\t\n\t\t>\n<div class=\"sow-image-container\">\n\t\t<img \n\tsrc=\"https:\/\/sco-angers-triathlon.fr\/wp-content\/uploads\/2024\/08\/Laurent-R.jpg\" width=\"1448\" height=\"2048\" srcset=\"https:\/\/sco-angers-triathlon.fr\/wp-content\/uploads\/2024\/08\/Laurent-R.jpg 1448w, https:\/\/sco-angers-triathlon.fr\/wp-content\/uploads\/2024\/08\/Laurent-R-212x300.jpg 212w, https:\/\/sco-angers-triathlon.fr\/wp-content\/uploads\/2024\/08\/Laurent-R-724x1024.jpg 724w, https:\/\/sco-angers-triathlon.fr\/wp-content\/uploads\/2024\/08\/Laurent-R-768x1086.jpg 768w, https:\/\/sco-angers-triathlon.fr\/wp-content\/uploads\/2024\/08\/Laurent-R-1086x1536.jpg 1086w\" sizes=\"(max-width: 1448px) 100vw, 1448px\" title=\"Laurent R\" alt=\"\" \t\tclass=\"so-widget-image\"\/>\n\t<\/div>\n\n<\/div><\/div><div id=\"panel-gb2109-69def58615654-1-1-10\" class=\"so-panel widget widget_sow-image\" data-index=\"12\" ><div\n\t\t\t\n\t\t\tclass=\"so-widget-sow-image so-widget-sow-image-default-8b5b6f678277-2109\"\n\t\t\t\n\t\t>\n<div class=\"sow-image-container\">\n\t\t<img \n\tsrc=\"https:\/\/sco-angers-triathlon.fr\/wp-content\/uploads\/2024\/08\/Marc.jpg\" width=\"1448\" height=\"2048\" srcset=\"https:\/\/sco-angers-triathlon.fr\/wp-content\/uploads\/2024\/08\/Marc.jpg 1448w, https:\/\/sco-angers-triathlon.fr\/wp-content\/uploads\/2024\/08\/Marc-212x300.jpg 212w, https:\/\/sco-angers-triathlon.fr\/wp-content\/uploads\/2024\/08\/Marc-724x1024.jpg 724w, https:\/\/sco-angers-triathlon.fr\/wp-content\/uploads\/2024\/08\/Marc-768x1086.jpg 768w, https:\/\/sco-angers-triathlon.fr\/wp-content\/uploads\/2024\/08\/Marc-1086x1536.jpg 1086w\" sizes=\"(max-width: 1448px) 100vw, 1448px\" alt=\"\" \t\tclass=\"so-widget-image\"\/>\n\t<\/div>\n\n<\/div><\/div><div id=\"panel-gb2109-69def58615654-1-1-11\" class=\"so-panel widget widget_sow-image\" data-index=\"13\" ><div\n\t\t\t\n\t\t\tclass=\"so-widget-sow-image so-widget-sow-image-default-8b5b6f678277-2109\"\n\t\t\t\n\t\t>\n<div class=\"sow-image-container\">\n\t\t<img \n\tsrc=\"https:\/\/sco-angers-triathlon.fr\/wp-content\/uploads\/2024\/08\/Mathilde.jpg\" width=\"1448\" height=\"2048\" srcset=\"https:\/\/sco-angers-triathlon.fr\/wp-content\/uploads\/2024\/08\/Mathilde.jpg 1448w, https:\/\/sco-angers-triathlon.fr\/wp-content\/uploads\/2024\/08\/Mathilde-212x300.jpg 212w, https:\/\/sco-angers-triathlon.fr\/wp-content\/uploads\/2024\/08\/Mathilde-724x1024.jpg 724w, https:\/\/sco-angers-triathlon.fr\/wp-content\/uploads\/2024\/08\/Mathilde-768x1086.jpg 768w, https:\/\/sco-angers-triathlon.fr\/wp-content\/uploads\/2024\/08\/Mathilde-1086x1536.jpg 1086w\" sizes=\"(max-width: 1448px) 100vw, 1448px\" alt=\"\" \t\tclass=\"so-widget-image\"\/>\n\t<\/div>\n\n<\/div><\/div><div id=\"panel-gb2109-69def58615654-1-1-12\" class=\"so-panel widget widget_sow-image\" data-index=\"14\" ><div\n\t\t\t\n\t\t\tclass=\"so-widget-sow-image so-widget-sow-image-default-8b5b6f678277-2109\"\n\t\t\t\n\t\t>\n<div class=\"sow-image-container\">\n\t\t<img \n\tsrc=\"https:\/\/sco-angers-triathlon.fr\/wp-content\/uploads\/2024\/08\/Matthew.jpg\" width=\"1448\" height=\"2048\" srcset=\"https:\/\/sco-angers-triathlon.fr\/wp-content\/uploads\/2024\/08\/Matthew.jpg 1448w, https:\/\/sco-angers-triathlon.fr\/wp-content\/uploads\/2024\/08\/Matthew-212x300.jpg 212w, https:\/\/sco-angers-triathlon.fr\/wp-content\/uploads\/2024\/08\/Matthew-724x1024.jpg 724w, https:\/\/sco-angers-triathlon.fr\/wp-content\/uploads\/2024\/08\/Matthew-768x1086.jpg 768w, https:\/\/sco-angers-triathlon.fr\/wp-content\/uploads\/2024\/08\/Matthew-1086x1536.jpg 1086w\" sizes=\"(max-width: 1448px) 100vw, 1448px\" alt=\"\" \t\tclass=\"so-widget-image\"\/>\n\t<\/div>\n\n<\/div><\/div><div id=\"panel-gb2109-69def58615654-1-1-13\" class=\"so-panel widget widget_sow-image\" data-index=\"15\" ><div\n\t\t\t\n\t\t\tclass=\"so-widget-sow-image so-widget-sow-image-default-8b5b6f678277-2109\"\n\t\t\t\n\t\t>\n<div class=\"sow-image-container\">\n\t\t<img \n\tsrc=\"https:\/\/sco-angers-triathlon.fr\/wp-content\/uploads\/2024\/08\/Mika.jpg\" width=\"1448\" height=\"2048\" srcset=\"https:\/\/sco-angers-triathlon.fr\/wp-content\/uploads\/2024\/08\/Mika.jpg 1448w, https:\/\/sco-angers-triathlon.fr\/wp-content\/uploads\/2024\/08\/Mika-212x300.jpg 212w, https:\/\/sco-angers-triathlon.fr\/wp-content\/uploads\/2024\/08\/Mika-724x1024.jpg 724w, https:\/\/sco-angers-triathlon.fr\/wp-content\/uploads\/2024\/08\/Mika-768x1086.jpg 768w, https:\/\/sco-angers-triathlon.fr\/wp-content\/uploads\/2024\/08\/Mika-1086x1536.jpg 1086w\" sizes=\"(max-width: 1448px) 100vw, 1448px\" alt=\"\" \t\tclass=\"so-widget-image\"\/>\n\t<\/div>\n\n<\/div><\/div><div id=\"panel-gb2109-69def58615654-1-1-14\" class=\"so-panel widget widget_sow-image\" data-index=\"16\" ><div\n\t\t\t\n\t\t\tclass=\"so-widget-sow-image so-widget-sow-image-default-8b5b6f678277-2109\"\n\t\t\t\n\t\t>\n<div class=\"sow-image-container\">\n\t\t<img \n\tsrc=\"https:\/\/sco-angers-triathlon.fr\/wp-content\/uploads\/2024\/08\/Olivier.jpg\" width=\"1448\" height=\"2048\" srcset=\"https:\/\/sco-angers-triathlon.fr\/wp-content\/uploads\/2024\/08\/Olivier.jpg 1448w, https:\/\/sco-angers-triathlon.fr\/wp-content\/uploads\/2024\/08\/Olivier-212x300.jpg 212w, https:\/\/sco-angers-triathlon.fr\/wp-content\/uploads\/2024\/08\/Olivier-724x1024.jpg 724w, https:\/\/sco-angers-triathlon.fr\/wp-content\/uploads\/2024\/08\/Olivier-768x1086.jpg 768w, https:\/\/sco-angers-triathlon.fr\/wp-content\/uploads\/2024\/08\/Olivier-1086x1536.jpg 1086w\" sizes=\"(max-width: 1448px) 100vw, 1448px\" alt=\"\" \t\tclass=\"so-widget-image\"\/>\n\t<\/div>\n\n<\/div><\/div><div id=\"panel-gb2109-69def58615654-1-1-15\" class=\"so-panel widget widget_sow-image\" data-index=\"17\" ><div\n\t\t\t\n\t\t\tclass=\"so-widget-sow-image so-widget-sow-image-default-8b5b6f678277-2109\"\n\t\t\t\n\t\t>\n<div class=\"sow-image-container\">\n\t\t<img \n\tsrc=\"https:\/\/sco-angers-triathlon.fr\/wp-content\/uploads\/2024\/08\/Tanguy.jpg\" width=\"1448\" height=\"2048\" srcset=\"https:\/\/sco-angers-triathlon.fr\/wp-content\/uploads\/2024\/08\/Tanguy.jpg 1448w, https:\/\/sco-angers-triathlon.fr\/wp-content\/uploads\/2024\/08\/Tanguy-212x300.jpg 212w, https:\/\/sco-angers-triathlon.fr\/wp-content\/uploads\/2024\/08\/Tanguy-724x1024.jpg 724w, https:\/\/sco-angers-triathlon.fr\/wp-content\/uploads\/2024\/08\/Tanguy-768x1086.jpg 768w, https:\/\/sco-angers-triathlon.fr\/wp-content\/uploads\/2024\/08\/Tanguy-1086x1536.jpg 1086w\" sizes=\"(max-width: 1448px) 100vw, 1448px\" alt=\"\" \t\tclass=\"so-widget-image\"\/>\n\t<\/div>\n\n<\/div><\/div><div id=\"panel-gb2109-69def58615654-1-1-16\" class=\"so-panel widget widget_sow-image\" data-index=\"18\" ><div\n\t\t\t\n\t\t\tclass=\"so-widget-sow-image so-widget-sow-image-default-8b5b6f678277-2109\"\n\t\t\t\n\t\t>\n<div class=\"sow-image-container\">\n\t\t<img \n\tsrc=\"https:\/\/sco-angers-triathlon.fr\/wp-content\/uploads\/2024\/08\/Youssef.jpg\" width=\"1448\" height=\"2048\" srcset=\"https:\/\/sco-angers-triathlon.fr\/wp-content\/uploads\/2024\/08\/Youssef.jpg 1448w, https:\/\/sco-angers-triathlon.fr\/wp-content\/uploads\/2024\/08\/Youssef-212x300.jpg 212w, https:\/\/sco-angers-triathlon.fr\/wp-content\/uploads\/2024\/08\/Youssef-724x1024.jpg 724w, https:\/\/sco-angers-triathlon.fr\/wp-content\/uploads\/2024\/08\/Youssef-768x1086.jpg 768w, https:\/\/sco-angers-triathlon.fr\/wp-content\/uploads\/2024\/08\/Youssef-1086x1536.jpg 1086w\" sizes=\"(max-width: 1448px) 100vw, 1448px\" alt=\"\" \t\tclass=\"so-widget-image\"\/>\n\t<\/div>\n\n<\/div><\/div><div id=\"panel-gb2109-69def58615654-1-1-17\" class=\"so-panel widget widget_sow-image\" data-index=\"19\" ><div\n\t\t\t\n\t\t\tclass=\"so-widget-sow-image so-widget-sow-image-default-8b5b6f678277-2109\"\n\t\t\t\n\t\t>\n<div class=\"sow-image-container\">\n\t\t<img \n\tsrc=\"https:\/\/sco-angers-triathlon.fr\/wp-content\/uploads\/2024\/09\/LOIC-FREMAUX.png\" width=\"1414\" height=\"2000\" srcset=\"https:\/\/sco-angers-triathlon.fr\/wp-content\/uploads\/2024\/09\/LOIC-FREMAUX.png 1414w, https:\/\/sco-angers-triathlon.fr\/wp-content\/uploads\/2024\/09\/LOIC-FREMAUX-212x300.png 212w, https:\/\/sco-angers-triathlon.fr\/wp-content\/uploads\/2024\/09\/LOIC-FREMAUX-724x1024.png 724w, https:\/\/sco-angers-triathlon.fr\/wp-content\/uploads\/2024\/09\/LOIC-FREMAUX-768x1086.png 768w, https:\/\/sco-angers-triathlon.fr\/wp-content\/uploads\/2024\/09\/LOIC-FREMAUX-1086x1536.png 1086w\" sizes=\"(max-width: 1414px) 100vw, 1414px\" title=\"LOIC FREMAUX\" alt=\"\" \t\tclass=\"so-widget-image\"\/>\n\t<\/div>\n\n<\/div><\/div><div id=\"panel-gb2109-69def58615654-1-1-18\" class=\"so-panel widget widget_sow-image\" data-index=\"20\" ><div\n\t\t\t\n\t\t\tclass=\"so-widget-sow-image so-widget-sow-image-default-8b5b6f678277-2109\"\n\t\t\t\n\t\t>\n<div class=\"sow-image-container\">\n\t\t<img \n\tsrc=\"https:\/\/sco-angers-triathlon.fr\/wp-content\/uploads\/2024\/09\/THOMAS-CONSTANTIN.png\" width=\"1414\" height=\"2000\" srcset=\"https:\/\/sco-angers-triathlon.fr\/wp-content\/uploads\/2024\/09\/THOMAS-CONSTANTIN.png 1414w, https:\/\/sco-angers-triathlon.fr\/wp-content\/uploads\/2024\/09\/THOMAS-CONSTANTIN-212x300.png 212w, https:\/\/sco-angers-triathlon.fr\/wp-content\/uploads\/2024\/09\/THOMAS-CONSTANTIN-724x1024.png 724w, https:\/\/sco-angers-triathlon.fr\/wp-content\/uploads\/2024\/09\/THOMAS-CONSTANTIN-768x1086.png 768w, https:\/\/sco-angers-triathlon.fr\/wp-content\/uploads\/2024\/09\/THOMAS-CONSTANTIN-1086x1536.png 1086w\" sizes=\"(max-width: 1414px) 100vw, 1414px\" title=\"THOMAS CONSTANTIN\" alt=\"\" \t\tclass=\"so-widget-image\"\/>\n\t<\/div>\n\n<\/div><\/div><div id=\"panel-gb2109-69def58615654-1-1-19\" class=\"so-panel widget widget_sow-image panel-last-child\" data-index=\"21\" ><div\n\t\t\t\n\t\t\tclass=\"so-widget-sow-image so-widget-sow-image-default-8b5b6f678277-2109\"\n\t\t\t\n\t\t>\n<div class=\"sow-image-container\">\n\t\t<img \n\tsrc=\"https:\/\/sco-angers-triathlon.fr\/wp-content\/uploads\/2024\/09\/CYRIL-BARLIER_OL.png\" width=\"1414\" height=\"2000\" srcset=\"https:\/\/sco-angers-triathlon.fr\/wp-content\/uploads\/2024\/09\/CYRIL-BARLIER_OL.png 1414w, https:\/\/sco-angers-triathlon.fr\/wp-content\/uploads\/2024\/09\/CYRIL-BARLIER_OL-212x300.png 212w, https:\/\/sco-angers-triathlon.fr\/wp-content\/uploads\/2024\/09\/CYRIL-BARLIER_OL-724x1024.png 724w, https:\/\/sco-angers-triathlon.fr\/wp-content\/uploads\/2024\/09\/CYRIL-BARLIER_OL-768x1086.png 768w, https:\/\/sco-angers-triathlon.fr\/wp-content\/uploads\/2024\/09\/CYRIL-BARLIER_OL-1086x1536.png 1086w\" sizes=\"(max-width: 1414px) 100vw, 1414px\" title=\"CYRIL BARLIER_OL\" alt=\"\" \t\tclass=\"so-widget-image\"\/>\n\t<\/div>\n\n<\/div><\/div><\/div><div id=\"pgc-gb2109-69def58615654-1-2\"  class=\"panel-grid-cell panel-grid-cell-empty\" ><\/div><\/div><\/div><\/div>","protected":false},"excerpt":{"rendered":"<p>Ils s&#8217;appellent Jean, Anne-Sophie, Laurent (ils sont deux), Oliver, K\u00e9vin, Tanguy, Eric, Mathilde, Julien, Youssef, Cyril, Clement, Jules, Marc, Matthew, Mika, Lo\u00efc, Thomas et cette ann\u00e9e leur objectif \u00e9tait de participer &#8211; pour la premi\u00e8re fois pour certains ou bien une nouvelle fois pour d&#8217;autres &#8211; \u00e0 la distance la plus grande en triathlon : &hellip;<\/p>\n<p class=\"read-more\"> <a class=\"\" href=\"https:\/\/sco-angers-triathlon.fr\/index.php\/les-triathletes-xxl-2024\/\"> <span class=\"screen-reader-text\">Projets XXL 2024<\/span> Lire la suite\u00a0\u00bb<\/a><\/p>\n","protected":false},"author":2,"featured_media":0,"parent":0,"menu_order":0,"comment_status":"closed","ping_status":"closed","template":"","meta":{"site-sidebar-layout":"default","site-content-layout":"","ast-site-content-layout":"default","site-content-style":"default","site-sidebar-style":"default","ast-global-header-display":"","ast-banner-title-visibility":"","ast-main-header-display":"","ast-hfb-above-header-display":"","ast-hfb-below-header-display":"","ast-hfb-mobile-header-display":"","site-post-title":"disabled","ast-breadcrumbs-content":"","ast-featured-img":"","footer-sml-layout":"","theme-transparent-header-meta":"default","adv-header-id-meta":"","stick-header-meta":"","header-above-stick-meta":"","header-main-stick-meta":"","header-below-stick-meta":"","astra-migrate-meta-layouts":"set","ast-page-background-enabled":"default","ast-page-background-meta":{"desktop":{"background-color":"var(--ast-global-color-4)","background-image":"","background-repeat":"repeat","background-position":"center center","background-size":"auto","background-attachment":"scroll","background-type":"","background-media":"","overlay-type":"","overlay-color":"","overlay-gradient":""},"tablet":{"background-color":"","background-image":"","background-repeat":"repeat","background-position":"center center","background-size":"auto","background-attachment":"scroll","background-type":"","background-media":"","overlay-type":"","overlay-color":"","overlay-gradient":""},"mobile":{"background-color":"","background-image":"","background-repeat":"repeat","background-position":"center center","background-size":"auto","background-attachment":"scroll","background-type":"","background-media":"","overlay-type":"","overlay-color":"","overlay-gradient":""}},"ast-content-background-meta":{"desktop":{"background-color":"var(--ast-global-color-5)","background-image":"","background-repeat":"repeat","background-position":"center center","background-size":"auto","background-attachment":"scroll","background-type":"","background-media":"","overlay-type":"","overlay-color":"","overlay-gradient":""},"tablet":{"background-color":"var(--ast-global-color-5)","background-image":"","background-repeat":"repeat","background-position":"center center","background-size":"auto","background-attachment":"scroll","background-type":"","background-media":"","overlay-type":"","overlay-color":"","overlay-gradient":""},"mobile":{"background-color":"var(--ast-global-color-5)","background-image":"","background-repeat":"repeat","background-position":"center center","background-size":"auto","background-attachment":"scroll","background-type":"","background-media":"","overlay-type":"","overlay-color":"","overlay-gradient":""}},"cybocfi_hide_featured_image":"","footnotes":""},"class_list":["post-2109","page","type-page","status-publish","hentry"],"_links":{"self":[{"href":"https:\/\/sco-angers-triathlon.fr\/index.php\/wp-json\/wp\/v2\/pages\/2109","targetHints":{"allow":["GET"]}}],"collection":[{"href":"https:\/\/sco-angers-triathlon.fr\/index.php\/wp-json\/wp\/v2\/pages"}],"about":[{"href":"https:\/\/sco-angers-triathlon.fr\/index.php\/wp-json\/wp\/v2\/types\/page"}],"author":[{"embeddable":true,"href":"https:\/\/sco-angers-triathlon.fr\/index.php\/wp-json\/wp\/v2\/users\/2"}],"replies":[{"embeddable":true,"href":"https:\/\/sco-angers-triathlon.fr\/index.php\/wp-json\/wp\/v2\/comments?post=2109"}],"version-history":[{"count":11,"href":"https:\/\/sco-angers-triathlon.fr\/index.php\/wp-json\/wp\/v2\/pages\/2109\/revisions"}],"predecessor-version":[{"id":3539,"href":"https:\/\/sco-angers-triathlon.fr\/index.php\/wp-json\/wp\/v2\/pages\/2109\/revisions\/3539"}],"wp:attachment":[{"href":"https:\/\/sco-angers-triathlon.fr\/index.php\/wp-json\/wp\/v2\/media?parent=2109"}],"curies":[{"name":"wp","href":"https:\/\/api.w.org\/{rel}","templated":true}]}}