{"id":40,"date":"2022-05-17T15:15:16","date_gmt":"2022-05-17T13:15:16","guid":{"rendered":"http:\/\/sco-angers-triathlon.fr\/?page_id=40"},"modified":"2022-06-20T17:36:30","modified_gmt":"2022-06-20T15:36:30","slug":"le-club","status":"publish","type":"page","link":"https:\/\/sco-angers-triathlon.fr\/index.php\/le-club\/","title":{"rendered":"Le Club"},"content":{"rendered":"<div id=\"pl-gb40-69df08840d580\"  class=\"panel-layout\" ><div id=\"pg-gb40-69df08840d580-0\"  class=\"panel-grid panel-has-style\" ><div class=\"panel-row-style panel-row-style-for-gb40-69df08840d580-0\" ><div id=\"pgc-gb40-69df08840d580-0-0\"  class=\"panel-grid-cell\" ><div id=\"panel-gb40-69df08840d580-0-0-0\" class=\"so-panel widget widget_sow-image panel-first-child panel-last-child\" data-index=\"0\" ><div\n\t\t\t\n\t\t\tclass=\"so-widget-sow-image so-widget-sow-image-default-8b5b6f678277-40\"\n\t\t\t\n\t\t>\n<div class=\"sow-image-container\">\n\t\t<img \n\tsrc=\"https:\/\/sco-angers-triathlon.fr\/wp-content\/uploads\/2022\/06\/cropped-logo_site5.png\" width=\"1000\" height=\"1000\" srcset=\"https:\/\/sco-angers-triathlon.fr\/wp-content\/uploads\/2022\/06\/cropped-logo_site5.png 1000w, https:\/\/sco-angers-triathlon.fr\/wp-content\/uploads\/2022\/06\/cropped-logo_site5-300x300.png 300w, https:\/\/sco-angers-triathlon.fr\/wp-content\/uploads\/2022\/06\/cropped-logo_site5-150x150.png 150w, https:\/\/sco-angers-triathlon.fr\/wp-content\/uploads\/2022\/06\/cropped-logo_site5-768x768.png 768w, https:\/\/sco-angers-triathlon.fr\/wp-content\/uploads\/2022\/06\/cropped-logo_site5-249x249.png 249w\" sizes=\"(max-width: 1000px) 100vw, 1000px\" title=\"cropped-logo_site5.png\" alt=\"\" \t\tclass=\"so-widget-image\"\/>\n\t<\/div>\n\n<\/div><\/div><\/div><div id=\"pgc-gb40-69df08840d580-0-1\"  class=\"panel-grid-cell\" ><div id=\"panel-gb40-69df08840d580-0-1-0\" class=\"so-panel widget widget_sow-editor panel-first-child\" data-index=\"1\" ><div class=\"panel-widget-style panel-widget-style-for-gb40-69df08840d580-0-1-0\" ><div\n\t\t\t\n\t\t\tclass=\"so-widget-sow-editor so-widget-sow-editor-base\"\n\t\t\t\n\t\t>\n<div class=\"siteorigin-widget-tinymce textwidget\">\n\t<p style=\"text-align: center;\">A compter de septembre 2022, de nouvelles couleurs appara\u00eetront sur les routes, les chemins, les stades et les piscines du territoire angevin. Un nouveau club, le SCO ANGERS TRIATHLON, vient de na\u00eetre pour r\u00e9unir les passionn\u00e9s des disciplines enchain\u00e9es. Ce projet est port\u00e9 par un conseil d\u2019administration de 18 membres motiv\u00e9s pour porter haut l\u2019activit\u00e9 et l\u2019entit\u00e9. Cette association souhaite se d\u00e9velopper autour de valeurs communes\u00a0: l\u2019\u00e9change, le partage, le vivre ensemble, le collectif, la performance, le d\u00e9passement de soi afin que tout adh\u00e9rent puisse s\u2019\u00e9panouir. Tous les passionn\u00e9s peuvent y trouver leur place, ind\u00e9pendamment du type de pratique\u00a0: du d\u00e9butant au plus chevronn\u00e9, du jeune au moins jeune, du courte distance au longue distance. Rejoignez-nous pour d\u00e9couvrir et partager ce sport proche de la nature.<\/p>\n<\/div>\n<\/div><\/div><\/div><div id=\"panel-gb40-69df08840d580-0-1-1\" class=\"so-panel widget widget_sow-button panel-last-child\" data-index=\"2\" ><div\n\t\t\t\n\t\t\tclass=\"so-widget-sow-button so-widget-sow-button-flat-1532de6f839f-40\"\n\t\t\t\n\t\t><div class=\"ow-button-base ow-button-align-center\"\n>\n\t\t\t<a\n\t\t\t\t\thref=\"https:\/\/sco-angers-triathlon.fr\/index.php\/organigramme-2022-2023\/\"\n\t\t\t\t\tclass=\"sowb-button ow-icon-placement-left ow-button-hover\" \t>\n\t\t<span>\n\t\t\t\n\t\t\tORGANIGRAMME 2022-2023\t\t<\/span>\n\t\t\t<\/a>\n\t<\/div>\n<\/div><\/div><\/div><\/div><\/div><\/div>","protected":false},"excerpt":{"rendered":"<p>A compter de septembre 2022, de nouvelles couleurs appara\u00eetront sur les routes, les chemins, les stades et les piscines du territoire angevin. Un nouveau club, le SCO ANGERS TRIATHLON, vient de na\u00eetre pour r\u00e9unir les passionn\u00e9s des disciplines enchain\u00e9es. Ce projet est port\u00e9 par un conseil d\u2019administration de 18 membres motiv\u00e9s pour porter haut l\u2019activit\u00e9 &hellip;<\/p>\n<p class=\"read-more\"> <a class=\"\" href=\"https:\/\/sco-angers-triathlon.fr\/index.php\/le-club\/\"> <span class=\"screen-reader-text\">Le Club<\/span> Lire la suite\u00a0\u00bb<\/a><\/p>\n","protected":false},"author":2,"featured_media":0,"parent":0,"menu_order":0,"comment_status":"closed","ping_status":"closed","template":"","meta":{"site-sidebar-layout":"default","site-content-layout":"","ast-site-content-layout":"","site-content-style":"default","site-sidebar-style":"default","ast-global-header-display":"","ast-banner-title-visibility":"","ast-main-header-display":"","ast-hfb-above-header-display":"","ast-hfb-below-header-display":"","ast-hfb-mobile-header-display":"","site-post-title":"disabled","ast-breadcrumbs-content":"","ast-featured-img":"","footer-sml-layout":"","theme-transparent-header-meta":"","adv-header-id-meta":"","stick-header-meta":"","header-above-stick-meta":"","header-main-stick-meta":"","header-below-stick-meta":"","astra-migrate-meta-layouts":"default","ast-page-background-enabled":"default","ast-page-background-meta":{"desktop":{"background-color":"var(--ast-global-color-4)","background-image":"","background-repeat":"repeat","background-position":"center center","background-size":"auto","background-attachment":"scroll","background-type":"","background-media":"","overlay-type":"","overlay-color":"","overlay-gradient":""},"tablet":{"background-color":"","background-image":"","background-repeat":"repeat","background-position":"center center","background-size":"auto","background-attachment":"scroll","background-type":"","background-media":"","overlay-type":"","overlay-color":"","overlay-gradient":""},"mobile":{"background-color":"","background-image":"","background-repeat":"repeat","background-position":"center center","background-size":"auto","background-attachment":"scroll","background-type":"","background-media":"","overlay-type":"","overlay-color":"","overlay-gradient":""}},"ast-content-background-meta":{"desktop":{"background-color":"var(--ast-global-color-5)","background-image":"","background-repeat":"repeat","background-position":"center center","background-size":"auto","background-attachment":"scroll","background-type":"","background-media":"","overlay-type":"","overlay-color":"","overlay-gradient":""},"tablet":{"background-color":"var(--ast-global-color-5)","background-image":"","background-repeat":"repeat","background-position":"center center","background-size":"auto","background-attachment":"scroll","background-type":"","background-media":"","overlay-type":"","overlay-color":"","overlay-gradient":""},"mobile":{"background-color":"var(--ast-global-color-5)","background-image":"","background-repeat":"repeat","background-position":"center center","background-size":"auto","background-attachment":"scroll","background-type":"","background-media":"","overlay-type":"","overlay-color":"","overlay-gradient":""}},"cybocfi_hide_featured_image":"","footnotes":""},"class_list":["post-40","page","type-page","status-publish","hentry"],"_links":{"self":[{"href":"https:\/\/sco-angers-triathlon.fr\/index.php\/wp-json\/wp\/v2\/pages\/40","targetHints":{"allow":["GET"]}}],"collection":[{"href":"https:\/\/sco-angers-triathlon.fr\/index.php\/wp-json\/wp\/v2\/pages"}],"about":[{"href":"https:\/\/sco-angers-triathlon.fr\/index.php\/wp-json\/wp\/v2\/types\/page"}],"author":[{"embeddable":true,"href":"https:\/\/sco-angers-triathlon.fr\/index.php\/wp-json\/wp\/v2\/users\/2"}],"replies":[{"embeddable":true,"href":"https:\/\/sco-angers-triathlon.fr\/index.php\/wp-json\/wp\/v2\/comments?post=40"}],"version-history":[{"count":15,"href":"https:\/\/sco-angers-triathlon.fr\/index.php\/wp-json\/wp\/v2\/pages\/40\/revisions"}],"predecessor-version":[{"id":321,"href":"https:\/\/sco-angers-triathlon.fr\/index.php\/wp-json\/wp\/v2\/pages\/40\/revisions\/321"}],"wp:attachment":[{"href":"https:\/\/sco-angers-triathlon.fr\/index.php\/wp-json\/wp\/v2\/media?parent=40"}],"curies":[{"name":"wp","href":"https:\/\/api.w.org\/{rel}","templated":true}]}}